18c?
-2188
In base 15, what is 0 - -7?
7
In base 14, what is -8 + 23?
19
In base 11, what is 3 + -16a?
-167
In base 4, what is -1 + 2002?
2001
In base 7, what is 51 + 20?
101
In base 10, what is -2 + -14?
-16
In base 11, what is 2892 - -4?
2896
In base 7, what is -120632 - -2?
-120630
In base 5, what is -2 - 3?
-10
In base 13, what is -189b + -4?
-18a2
In base 6, what is 3 + 341?
344
In base 16, what is 32 - -1?
33
In base 14, what is 18c - 12?
17a
In base 2, what is 101 + 101000101000?
101000101101
In base 16, what is c4 + -15?
af
In base 2, what is -100 + 1011010011?
1011001111
In base 13, what is 0 + -47?
-47
In base 8, what is -5 + 11?
4
In base 16, what is -5b + b?
-50
In base 15, what is -b - 2?
-d
In base 16, what is c + 16?
22
In base 5, what is 110 + 120?
230
In base 2, what is 101111001 + -1111?
101101010
In base 3, what is -2 - -10000?
2221
In base 10, what is 41 + 283?
324
In base 11, what is a + -18?
-9
In base 14, what is 5 + 119?
120
In base 16, what is 2 - 43?
-41
In base 5, what is 3 + 31?
34
In base 6, what is -3 + -14350?
-14353
In base 13, what is 1 - -9?
a
In base 16, what is -7c - -2?
-7a
In base 12, what is -31 - -355?
324
In base 8, what is -5 + 6?
1
In base 5, what is 14141 + -10?
14131
In base 6, what is -5 + 5420?
5411
In base 4, what is 131313 + 3?
131322
In base 12, what is -158 - 3?
-15b
In base 16, what is -2 - 3e?
-40
In base 16, what is 4b + -1?
4a
In base 2, what is -110 + 1101000?
1100010
In base 16, what is 2 + -f8?
-f6
In base 12, what is 5 + -809?
-804
In base 2, what is 1001 + 100101?
101110
In base 7, what is 2 - -22?
24
In base 3, what is 20112 - -11?
20200
In base 15, what is 1 + -46?
-45
In base 15, what is -2 + 2?
0
In base 2, what is -10 - 1000101011?
-1000101101
In base 12, what is 26 + 0?
26
In base 10, what is -28 - -55?
27
In base 4, what is 2220 - 3?
2211
In base 12, what is -3b1 - -5?
-3a8
In base 13, what is 53 - -230?
283
In base 6, what is -302 + 10?
-252
In base 5, what is -2014 - 1?
-2020
In base 4, what is 3 - 31?
-22
In base 12, what is 1 + -72?
-71
In base 13, what is -3 + 93b?
938
In base 3, what is -2 - 211?
-220
In base 14, what is -22 + -1c?
-40
In base 11, what is -5 + 49?
44
In base 8, what is 5 + -2517?
-2512
In base 14, what is 5 + -22?
-1b
In base 9, what is 14 + -412?
-387
In base 13, what is -135 - -8?
-12a
In base 7, what is 36451 + -2?
36446
In base 7, what is 21 + 301?
322
In base 11, what is 499 - 4?
495
In base 6, what is -25324 - 0?
-25324
In base 7, what is -505 - 12?
-520
In base 10, what is -7 + 2558?
2551
In base 13, what is 4 - -570?
574
In base 4, what is -10201231 + 0?
-10201231
In base 11, what is -3 - 1563?
-1566
In base 8, what is -3373 - 5?
-3400
In base 3, what is -12 - -2?
-10
In base 3, what is -11 + -1010?
-1021
In base 8, what is -267 + 10?
-257
In base 10, what is -2216 + 1?
-2215
In base 10, what is 15 + 1?
16
In base 15, what is 45e - 4?
45a
In base 9, what is 3 + 1254?
1257
In base 14, what is -2 - 206?
-208
In base 8, what is 2 + -2230?
-2226
In base 3, what is 1 - 10021?
-10020
In base 7, what is -33 - 31?
-64
In base 13, what is 1352 + 0?
1352
In base 15, what is -2 + -123?
-125
In base 13, what is -c + -2c2?
-301
In base 2, what is -111111101111011 - 100?
-111111101111111
In base 4, what is -202031 + 21?
-202010
In base 14, what is 6 + 8?
10
In base 8, what is -7047 - -11?
-7036
In base 5, what is -42 + 2040?
1443
In base 5, what is -114 - 11?
-130
In base 11, what is -2 + 18?
16
In base 15, what is 1 - -b8?
b9
In base 12, what is -4 + 69?
65
In base 14, what is -6 + 463?
45b
In base 9, what is 126 + 5?
132
In base 12, what is -32 - 0?
-32
In base 10, what is 492 - -7?
499
In base 2, what is -101111100 + -1000?
-110000100
In base 2, what is -1010101111110 - 101?
-1010110000011
In base 16, what is -20b - 1?
-20c
In base 10, what is -1671 + -2?
-1673
In base 15, what is 1 + be?
c0
In base 11, what is 2 - -535?
537
In base 3, what is 10 - 1010122?
-1010112
In base 7, what is 4363 - 1?
4362
In base 7, what is 55 + -23?
32
In base 11, what is 468 + -4?
464
In base 7, what is 30 + -2625?
-2565
In base 2, what is -10 + -1001011010?
-1001011100
In base 3, what is -2 + 21120?
21111
In base 2, what is -1011001110 + 1000?
-1011000110
In base 14, what is 7 - -56?
5d
In base 15, what is -da0 - -2?
-d9d
In base 6, what is 2502 - 15?
2443
In base 3, what is 201 + -11?
120
In base 2, what is -101 + 100111010010?
100111001101
In base 7, what is 10 + 126?
136
In base 9, what is 31746 - -5?
31752
In base 14, what is -1b5 - -1d?
-196
In base 6, what is -14 + -25?
-43
In base 13, what is -934 + 17?
-91a
In base 15, what is -21c + -a?
-227
In base 8, what is 42 + -501?
-437
In base 3, what is -1100 + -1010?
-2110
In base 6, what is 1101 + -2?
1055
In base 10, what is 4 + 33?
37
In base 14, what is -4d - -2?
-4b
In base 2, what is -10011 + -110000?
-1000011
In base 14, what is 223 - -16?
239
In base 11, what is -3353 - 3?
-3356
In base 11, what is -110a7 + -4?
-11100
In base 15, what is 0 - -2d?
2d
In base 13, what is 71 + 7?
78
In base 4, what is -1 - -2020?
2013
In base 7, what is 5 - -25320?
25325
In base 4, what is 3110 - 2?
3102
In base 9, what is 15 + 50?
65
In base 4, what is -11 + 301?
230
In base 15, what is 1aa7 - 3?
1aa4
In base 13, what is 99 + -2?
97
In base 11, what is 8389 - 4?
8385
In base 9, what is 2673 - -3?
2676
In base 8, what is 3325 - 2?
3323
In base 7, what is 4 - -1510?
1514
In base 8, what is -112 + 2?
-110
In base 16, what is -3 + 414?
411
In base 5, what is 1142 - 223?
414
In base 3, what is 1 - -10201?
10202
In base 5, what is -32 - -140?
103
In base 5, what is 3101 - -23?
3124
In base 4, what is -3120 + -2?
-3122
In base 12, what is 76 + 4?
7a
In base 15, what is 2 - -6?
8
In base 11, what is -929 + 4?
-925
In base 16, what is 8c - 4?
88
In base 3, what is -22 - 12?
-111
In base 3, what is -1 + -2210101?
-2210102
In base 14, what is -2 - -74b?
749
In base 14, what is -377 + 1?
-376
In base 2, what is 1 + 11001?
11010
In base 5, what is 20 + 24324?
24344
In base 11, what is -3 + -11a7?
-11aa
In base 15, what is 2 + -80?
-7d
In base 6, what is -11 + -44?
-55
In base 11, what is 5a2 + 3?
5a5
In base 10, what is -39 - -55?
16
In base 8, what is 57 + 2?
61
In base 3, what is 210 - -202212?
210122
In base 14, what is 0 + 237?
237
In base 13, what is 4 - -1970?
1974
In base 13, what is 2 + 5ba?
5bc
In base 6, what is -3 + -250?
-253
In base 15, what is -2 - -1?
-1
In base 16, what is -8 + a0?
98
In base 11, what is -4979 - -3?
-4976
In base 12, what is 59 + 2b?
88
In base 13, what is 2 - 1304?
-1302
In base 15, what is -4 - 195?
-199
In base 15, what is 4 - -15a?
15e
In base 6, what is -20 - 53?
-113
In base 14, what is -7 + -140?
-147
In base 10, what is 2 - -221?
223
In base 5, what is 10 + -2220?
-2210
In base 5, what is -3 + 21041?
21033
In base 2, what is 10110101 - -100001?
11010110
In base 8, what is -10 + 3?
-5
In base 10, what is 3 - -59?
62
In base 13, what is 5 - 160?
-158
In base 13, what is 1 + -3b9?
-3b8
In base 12, what is -10 + 4?
-8
In base 14, what is -c - 113?
-121
In base 3, what is -20011 - 12?
-20100
In base 4, what is 2112 + -10?
2102
In base 3, what is 22002 + 1112?
100121
In base 3, what is 1112010022 - -1?
1112010100
In base 4, what is 12 + 123?
201
In base 6, what is -240 - -1?
-235
In base 15, what is 5 + 25?
2a
In base 12, what is 5 + 6a?
73
In base 15, what is 2 - -644?
646
In base 12, what is 9424 + -2?
9422
In base 7, what is 34325 - 2?
34323
In base 16, what is -8 + 32?
2a
In base 8, what is 442 + -2?
440
In base 13, what is 130 - -1?
131
In base 10, what is -293 - -2?
-291
In base 9, what is -163 + 6?
-156
In base 7, what is -6656 + -2?
-6661
In base 5, what is 10000 + -1?
4444
In base 4, what is 113 - -133?
312
In base 6, what is 4 + -1523?
-1515
In base 11, what is 0 + -775?
-775
In base 5, what is 1412 - -40?
2002
In base 7, what is 405 - -60?
465
In base 4, what is -311230 + -2?
-311232
In base 9, what is -5 + 51?
45
In base 5, what is 1431 - 3?
1423
In base 4, what is 212 + -113?
33
In base 6, what is -2052 - 1?
-2053
In base 15, what is -3 - 6a?
-6d
In base 16, what is -4 + 136?
132
In base 11, what is 210 - 2?
209
In base 16, what is d9 - e?
cb
In base 4, what is 1020 + -2?
1012
In base 15, what is -